. What is the units digit of c?
7
Suppose 3*f + 139 = -4*q, 5*q + 137 = q - f. Suppose -3*p + 139 = -5*o, 0 = 4*p + 5*o - 0*o - 127. Let i = q + p. What is the units digit of i?
4
What is the ten thousands digit of (-2)/(-6) - (190/475 - 519872/30)?
1
Let d(p) = 47*p**2 - 16*p + 10. Let o be 2/4 - (10 - (-297)/(-22)). What is the hundreds digit of d(o)?
6
Let q(l) = 77*l - 206. Let t be q(8). Suppose t = 11*d - 6*d. What is the units digit of d?
2
Suppose -253422 = -45*h - 9*h. What is the thousands digit of h?
4
Let w(l) = l**2 - 18*l - 69. Let r be w(21). What is the hundreds digit of r*(618/(-12) - -1)?
3
Let u be ((-6)/2)/((-114)/190). What is the hundreds digit of 180 - (u + -3) - (-3 - -1)?
1
Let s(c) = 2*c - 8. Let j be s(4). Suppose -4*i = 2*r - j*i - 986, -1999 = -4*r + i. What is the tens digit of r?
9
Let d = 35993 + -16820. What is the ten thousands digit of d?
1
Suppose 4*m - 128 = -2*b, m = -2*m + 3*b + 114. Suppose m*n - 6*n = 28252. What is the hundreds digit of n?
0
Suppose -95 + 71 = -12*h. Let z(w) = w**2 + 4*w + 3. Let x be z(-4). Suppose -3*i + x*l + 243 = h*l, 4*i = -4*l + 308. What is the units digit of i?
0
Suppose 460 = 5*z + 8*v - 3*v, 2 = -v. Suppose -z*d + 92*d = -50. What is the units digit of d?
5
Let k = 4612 + 6305. What is the tens digit of k?
1
Suppose -7*g = 2 + 5. Let y(l) = 4*l**2 - l. Let q be y(g). Suppose 377 = 5*n + 2*d, 22 = -2*n + q*d + 167. What is the units digit of n?
5
Suppose -k = -12461 + 3686. What is the thousands digit of k?
8
Let t be -206*255/(-12) - (-3)/2. Suppose -5*k - 919 = -t. What is the hundreds digit of k?
6
Let a(o) = -11*o - 9. Let v(t) = 4*t + 3. Let j(r) = 3*a(r) + 8*v(r). Let n be j(-5). Suppose -118 = -n*w + 60. What is the units digit of w?
9
Let s be (-52)/(-2)*(-3)/(-6) + -1. Suppose s*h = 13*h + 42. What is the tens digit of ((-1)/2)/(1/h) - -1?
2
Suppose 0 = 2*l - 331 - 297. Let z = l - -31. What is the units digit of z?
5
Suppose 5*k = -q + 9681, 4*q + 188*k - 38772 = 192*k. What is the units digit of q?
1
Let h be -383 - 0/(5 - (-3 + 5)). Let d = h - -844. What is the units digit of d?
1
Let n = -13228 - -32434. What is the units digit of n?
6
Suppose 11*t + 90 = 7*t - x, -3*t = -x + 64. What is the units digit of (360 - 0) + t + 19?
7
Let u(f) = -7*f**2 + 5*f - 5. Let q = -40 - -42. Let x be u(q). Let m = x - -54. What is the tens digit of m?
3
Suppose -n + 31620 = l, 4*l - 104202 = n + 22288. What is the ten thousands digit of l?
3
Let v be (80/70)/((-4)/(-14)). Suppose -5*s - 32 = -u, 4*s + s - 3 = -v*u. What is the units digit of u?
7
Let s(b) = 7*b**2 - 280*b - 125. What is the thousands digit of s(60)?
8
Let o(u) = -4*u + 19. Let g be (19/2)/(10/(-20)). What is the tens digit of o(g)?
9
What is the units digit of (-1144710)/1050*(1 - 6)?
1
Let x = 5741 + -5746. Let v(i) = -2*i**2 - 10 + 3*i**2 - 10*i - 21. What is the units digit of v(x)?
4
Suppose 150 = 5*c - 1270. Let a be (19 + -17)*(-3)/(-2). Suppose -350 = -5*v + 4*m, 5*m - 87 + c = a*v. What is the tens digit of v?
7
Suppose 16*z = -3*d + 20*z + 26685, -3*d = -5*z - 26679. What is the units digit of d?
3
Let h(u) = 5*u - 45. Let n be h(11). Suppose -n*t + 391 = -1079. Let d = t + 101. What is the tens digit of d?
4
Let g = 817 + -10. Suppose -3*u + g = j, 6*u + 1624 = 2*j + 2*u. What is the hundreds digit of j?
8
Suppose -325 = 5*j - 1970. Suppose 324*x - j*x + 1515 = 0. What is the tens digit of x?
0
Let q be 4 + (-22)/5 - 96/(-15). Let w(s) = s**2 - 6*s + 4. Let y be w(q). Suppose -m - 84 = -y*m. What is the tens digit of m?
2
Let v = 37197 + -25986. What is the units digit of v?
1
What is the ten thousands digit of (60/18)/((115/(-101274))/(-23))?
6
What is the thousands digit of (1 + 2*441)*(95/5 + -8)?
9
Let h(t) be the first derivative of 5*t**3/6 - 16*t**2 - 3*t + 17. Let f(q) be the first derivative of h(q). What is the tens digit of f(16)?
4
What is the hundreds digit of 42518/168*4*3?
0
Suppose 13*u = 751215 - 198702. What is the units digit of u?
1
Suppose -v - 5*r + 91 = -31, -4*r = -v + 68. What is the units digit of v?
2
Let q(u) = u**2 - 2*u. Let y(v) = v**3 - 26*v**2 + 31*v + 11. Let a(n) = -3*q(n) - y(n). What is the tens digit of a(21)?
4
Let g(d) = 7*d**2 + 7*d - 33. What is the hundreds digit of g(-6)?
1
Let p(y) be the first derivative of 2*y**3/3 - 29*y**2/2 - y - 28. What is the hundreds digit of p(-11)?
5
Let h = -8015 + 13824. What is the units digit of h?
9
Let f be (-2)/(-2)*3/1. Suppose 5*a = -u + 179, f*u + 0*a - 2*a = 520. What is the units digit of u?
4
Suppose 75609 = 7*p - 14019. Suppose -18*i = 3822 - p. What is the units digit of i?
9
Let d be ((-1)/2)/((-3)/396). Suppose -584 = d*g - 70*g. Suppose -145*k = -g*k + 127. What is the tens digit of k?
2
Let p be (-2)/(153444/(-21920) + 7). Suppose 24*i - 16*i - p = 0. What is the hundreds digit of i?
3
Suppose 36*b - 4708 = 25*b. Let q = 886 - b. What is the units digit of q?
8
Suppose 0 = -30*n + 14*n + 32. Suppose 3*r + 616 = 5*r - n*a, -3*r = -2*a - 921. What is the hundreds digit of r?
3
Suppose -76588 = -4*v + 131110 - 41098. What is the ten thousands digit of v?
4
Suppose -1 = -2*w + 5. Suppose -w = 3*v - 0. What is the tens digit of (-205)/(-20)*(5 + v)?
4
Let g be -3*(161/(-21) - -4). What is the units digit of ((-229)/2)/(6*g/(-132))?
9
Let n = -11 - -333. Suppose 0 = 314*b - n*b + 1264. What is the hundreds digit of b?
1
What is the hundreds digit of (298/(-4))/(8 + 8 + 1346/(-84))?
1
Suppose -7 = -r + 2*z, -4*r - 4*z + 4 = -0. Suppose -228 = -r*i + 33. What is the units digit of i?
7
Let n be 0 - (-5 - (-6)/3). Suppose -3*r + n*f + 8 = f, -3*r = -3*f - 12. Suppose g - 3*v - 27 = r, -v - 11 = 4*g - 184. What is the tens digit of g?
4
Let r = 32640 + -7315. What is the ten thousands digit of r?
2
Let n(d) = 2*d**2 + 15*d + 11. Let l be n(-7). Suppose -l*i = 3*u + i - 109, -3*i + 127 = 4*u. Let c = u - 11. What is the units digit of c?
7
Suppose 0 = -146*d + 11*d + 2484405. What is the ten thousands digit of d?
1
What is the tens digit of -20 - (-5699*36)/18?
7
Let r be (-21400)/(-90) + -9 + 4/18. Suppose 2*d - r + 21 = 0. What is the hundreds digit of d?
1
Let h(i) = i**3 - 3*i**2 - 4*i + 6. Let q be h(3). Let y be (-1)/(1/q)*(13 - -6). Suppose -y = -17*p + 14*p. What is the tens digit of p?
3
Suppose 5*j - 7 = -4*m, 5*j - 2*m = -7 + 26. Suppose q - j = 1. Suppose -3*i - q*v = -263, i + i + 5*v = 166. What is the units digit of i?
3
Let u(v) = -173*v + 74. Let l(n) = -347*n + 149. Let g(z) = -6*l(z) + 11*u(z). What is the hundreds digit of g(4)?
6
Suppose -5*s + 3 = -87. Suppose s = -8*l + 34. What is the tens digit of (74/(-10) + l)/((-24)/80)?
1
Suppose -3*l - 2093 = -i + 255, i = l + 2346. What is the units digit of i?
5
Let c(l) = -10*l + 3 + 9 + 0*l**2 - 22*l - l**2. What is the hundreds digit of c(-10)?
2
Let t be (9/(-6))/(3/4). Let u be t/10 + 1/5. Suppose -h = -5*f + 168, -2*f + 4*h + h + 81 = u. What is the units digit of f?
3
Let u be ((-6)/10 + (-20)/50)*0. Suppose u = -13*f + 3176 + 2544. What is the tens digit of f?
4
Let r = -421 - -400. Let l(i) = i**3 + 25*i**2 + 76*i - 26. What is the units digit of l(r)?
2
Let r be (15 + -16)/((-3)/(-2) - 1). What is the tens digit of 2*r/(-12) - 79034/(-129)?
1
Suppose h = -3, -2*c + 2*h + 10 = -c. Suppose -2*v - 27 = t, 0 = c*v - t + 10 + 59. Let w = v + 22. What is the units digit of w?
6
Let n = -7365 + 9697. What is the hundreds digit of n?
3
Let h(i) be the first derivative of 1/3*i**3 + 18*i - 8 + 4*i**2. What is the units digit of h(-5)?
3
Suppose 8*j + 8*j = 427661 + 39283. What is the hundreds digit of j?
1
Let r be (-19)/((-7)/6 - 4/(-6)). Let j = -44 + r. Let o(m) = 4*m**2 + 8*m + 13. What is the hundreds digit of o(j)?
1
Let f be 2*527/(-6) - 14/42. Let n = -104 - f. Let r = 85 - n. What is the units digit of r?
3
Suppose g - 19541 = -4*g + 4*i, -3*g + 4*i + 11723 = 0. Let f be g/(-4)*5/(75/(-40)). What is the hundreds digit of 18/(-30) - f/(-10)?
2
Let n = 267 + -160. Let b be (1 + n)/3 - 3. Let v = 2 + b. What is the units digit of v?
5
What is the units digit of (-75705)/(-9) - (-585)/(-351)?
0
Let p(j) = -10*j**3 - 13*j**2 + 395*j + 4596. What is the units digit of p(-12)?
4
Suppose -2*d + 0*d + 2 = 0. Let z(c) = 19*c + 498. Let f be z(-28). Wh